{"id":1030,"date":"2012-05-17T08:27:51","date_gmt":"2012-05-17T07:27:51","guid":{"rendered":"http:\/\/blogs.larioja.com\/animales-de-la-rioja\/?page_id=1030"},"modified":"2018-04-09T15:14:45","modified_gmt":"2018-04-09T14:14:45","slug":"comportamiento-y-modificacion-de-conducta","status":"publish","type":"page","link":"https:\/\/blogs.larioja.com\/animales-de-la-rioja\/comportamiento-y-modificacion-de-conducta\/","title":{"rendered":"Comportamiento canino y felino"},"content":{"rendered":"<p>Los perros y los gatos son animales maravillosos y extraordinarios pero, a veces, les cuesta vivir en el entorno dom\u00e9stico, pueden padecen estr\u00e9s y entristecerse.<\/p>\n<p>Todo problema de comportamiento tiene una causa. Mi labor consiste en descubrirla y corregirla as\u00ed como prevenir las conductas inapropiadas de perros y gatos, siempre de la mano del propietario y compa\u00f1ero del animal puesto que, su implicaci\u00f3n es imprescindible.<\/p>\n<p>El hecho de que el comportamiento de un animal no sea del agrado de su propietario o que le cause algunos problemas, no significa necesariamente que la conducta sea anormal o que se trate de un verdadero trastorno de conducta, sino m\u00e1s bien comportamientos normales pero indeseables para la convivencia animal-humano.<\/p>\n<p>Muchas veces los comportamientos indeseables son reacciones normales ante diversas situaciones conflictivas que les plantean sus propietarios. En esos casos ser\u00e1n necesarias correcciones en el animal y reeducaci\u00f3n del propietario.<\/p>\n<p><strong>Problemas de conducta en perros<\/strong><\/p>\n<p>Hablamos de un problema de conducta cuando las acciones del perro se muestran antisociales para el entorno humano. Hay much\u00edsimos problemas de comportamiento pero los m\u00e1s frecuentes son:<\/p>\n<p>\u2022 Miedos\/fobias. A personas, ruidos\u2026<br \/>\n\u2022 Trastornos de ansiedad. Entre otros, la ansiedad por separaci\u00f3n<br \/>\n\u2022 Ladrido excesivo<br \/>\n\u2022 Destrozos en casa<br \/>\n\u2022 Trastornos por agresividad mal controlada (hacia personas u otros animales)<br \/>\n\u2022 Malos h\u00e1bitos higi\u00e9nicos<br \/>\n\u2022 Hiperactividad<br \/>\n\u2022 Estereotipias<\/p>\n<p>Entre ellos la agresividad es, sin duda alguna, la que genera mayor preocupaci\u00f3n en los due\u00f1os.<\/p>\n<p><strong>Problemas de conducta en gatos<\/strong><\/p>\n<p>\u2022 Miedos a personas. Rechazo al contacto<br \/>\n\u2022 Maullidos excesivos<br \/>\n\u2022 Trastornos de agresividad hacia personas u otros animales<br \/>\n\u2022 Malos h\u00e1bitos higi\u00e9nicos<br \/>\n\u2022 Hiperactividad<br \/>\n\u2022 Estereotipias<\/p>\n<p><strong><br \/>\n<\/strong><\/p>\n<h1>Como se desarrollan las sesiones<\/h1>\n<p><strong>1. Recogida de datos<\/strong><\/p>\n<p>Antes de la primera sesi\u00f3n a domicilio, realizamos un cuestionario telef\u00f3nico o enviamos un formulario para la recogida de los datos del problema de comportamiento del animal y los motivos de la consulta.<\/p>\n<p><strong>2. Diagnostico<\/strong><\/p>\n<p>Cualquier tipo de problema de comportamiento est\u00e1 en estrecha relaci\u00f3n con un diagn\u00f3stico preciso y la posibilidad de establecer un tratamiento adecuado, para lo cual el propietario o propietarios deben de estar decididos a actuar seg\u00fan las indicaciones.<\/p>\n<p><strong>3. Primera sesi\u00f3n<\/strong><\/p>\n<p>La primera consulta, de aproximadamente hora y media, est\u00e1 basada principalmente en la observaci\u00f3n del comportamiento del animal, del entorno y de la actitud del propietario.<\/p>\n<p>En base al cuestionario y a la informaci\u00f3n recabada durante la primera visita, se establece, de acuerdo con los propietarios, el programa de modificaci\u00f3n de conducta. Tambi\u00e9n se explican las pautas y t\u00e9cnicas adecuadas para solucionar el problema.<\/p>\n<p><strong>4. Tareas a realizar en casa<\/strong><\/p>\n<p>Para modificar la conducta del animal, el propietario debe modificar su comportamiento para poder premiar las conductas adecuadas de la mascota y evitar de potenciar accidentalmente comportamientos no deseados.<\/p>\n<p>Esto implica una nueva concienciaci\u00f3n sobre como las acciones humanas influencian las acciones animales. Esta etapa requiere pr\u00e1ctica, entrenamiento y la participaci\u00f3n de todos los miembros de la familia.<\/p>\n<p><strong>5. Sesiones sucesivas<\/strong><\/p>\n<p>En las sesiones sucesivas se eval\u00faan los avances del animal en el tratamiento, se aclaran las dudas del propietario y se refuerzan las t\u00e9cnicas de modificaci\u00f3n de conducta en todo tipo de situaciones.<\/p>\n<p>Adem\u00e1s, se eval\u00faa la respuesta del animal a los ejercicios asignados en la sesi\u00f3n anterior y, seg\u00fan las necesidades, se modifican en consecuencia.<\/p>\n<p><strong>Sesiones necesarias<\/strong><\/p>\n<p>Dependiendo en la causa principal del origen de la consulta, ser\u00e1 necesario un n\u00famero distinto de sesiones, que pueden variar de 2-3 o m\u00e1s, para dar una respuesta satisfactoria a la conducta inadecuada del animal.<\/p>\n<p>Perrygatos colabora con el veterinario de referencia del animal con el objetivo de descartar patolog\u00edas o posibles problemas fisiol\u00f3gicos que deriven en la conducta inadecuada del perro. En caso necesario, desarrollamos de manera conjunta, las pautas de actuaci\u00f3n.<\/p>\n<p><center><a href=\"http:\/\/perrygatos.es\/contacto\"><img src=\"https:\/\/public.sn2.livefilestore.com\/y1pyEjNM5uVXN0p8QvelLC9dvSNj4i-cYlafI1aZr-pCwwnukpzcGtvdMlQ1Mh9UBLY9mulM5-3BgtoeEo72mLteg\/026.JPG?psid=1\" alt=\"\" \/><\/a><\/center>&nbsp;<\/p>\n","protected":false},"excerpt":{"rendered":"<p>Los perros y los gatos son animales maravillosos y extraordinarios pero, a veces, les cuesta vivir en el entorno dom\u00e9stico, pueden padecen estr\u00e9s y entristecerse. Todo problema de comportamiento tiene una causa. Mi labor consiste en descubrirla y corregirla as\u00ed como prevenir las conductas inapropiadas de perros y gatos, siempre de la mano del propietario [&hellip;]<\/p>\n","protected":false},"author":25,"featured_media":0,"parent":0,"menu_order":2,"comment_status":"open","ping_status":"closed","template":"","meta":[],"_links":{"self":[{"href":"https:\/\/blogs.larioja.com\/animales-de-la-rioja\/wp-json\/wp\/v2\/pages\/1030"}],"collection":[{"href":"https:\/\/blogs.larioja.com\/animales-de-la-rioja\/wp-json\/wp\/v2\/pages"}],"about":[{"href":"https:\/\/blogs.larioja.com\/animales-de-la-rioja\/wp-json\/wp\/v2\/types\/page"}],"author":[{"embeddable":true,"href":"https:\/\/blogs.larioja.com\/animales-de-la-rioja\/wp-json\/wp\/v2\/users\/25"}],"replies":[{"embeddable":true,"href":"https:\/\/blogs.larioja.com\/animales-de-la-rioja\/wp-json\/wp\/v2\/comments?post=1030"}],"version-history":[{"count":2,"href":"https:\/\/blogs.larioja.com\/animales-de-la-rioja\/wp-json\/wp\/v2\/pages\/1030\/revisions"}],"predecessor-version":[{"id":2850,"href":"https:\/\/blogs.larioja.com\/animales-de-la-rioja\/wp-json\/wp\/v2\/pages\/1030\/revisions\/2850"}],"wp:attachment":[{"href":"https:\/\/blogs.larioja.com\/animales-de-la-rioja\/wp-json\/wp\/v2\/media?parent=1030"}],"curies":[{"name":"wp","href":"https:\/\/api.w.org\/{rel}","templated":true}]}}