{"id":877,"date":"2012-02-22T08:54:24","date_gmt":"2012-02-22T07:54:24","guid":{"rendered":"http:\/\/blogs.larioja.com\/animales-de-la-rioja\/?page_id=877"},"modified":"2018-10-01T15:29:15","modified_gmt":"2018-10-01T14:29:15","slug":"servicios","status":"publish","type":"page","link":"https:\/\/blogs.larioja.com\/animales-de-la-rioja\/servicios\/","title":{"rendered":"Servicios"},"content":{"rendered":"<p><strong> Consultas de comportamiento:<\/strong><\/p>\n<p>A trav\u00e9s de una consulta con los due\u00f1os y siempre en colaboraci\u00f3n con el veterinario, se puede diagnosticar el problema del perro y por qu\u00e9 se est\u00e1 produciendo as\u00ed como su tratamiento.<\/p>\n<p><strong> Formaci\u00f3n especializada:<\/strong><\/p>\n<p>Cursos y seminarios relacionados con el Adiestramiento y la Educaci\u00f3n Canina as\u00ed como el comportamiento felino. Si est\u00e1s interesado en aprender a entender mejor a tu animal y comunicarte de forma efectiva con \u00e9l.<\/p>\n<p><strong> Adiestramiento a domicilio:<\/strong><\/p>\n<p>Aprende a asumir el control de tu perro, de formar total personalizada a tu situaci\u00f3n concreta y ense\u00f1\u00e1ndote a conocerle mejor para saber cuales son sus necesidades. Cons\u00faltame para resolver tus dudas y poder asesorarte de forma personalizada.<\/p>\n<p><center><img src=\"https:\/\/sn2files.storage.live.com\/y1pqBzQLklrqO6s3FiOdvsZew-glZ6XErCx5vpiDgadVVOb5r0y8dcnrZR-BlWxp0JAOmg0pGD5_FA1IlWH-sbOEg\/Gordo.JPG?psid=1\" alt=\"\" \/><\/center><strong> Socializaci\u00f3n de cachorros:<\/strong><\/p>\n<p>Asesoramiento personalizado sobre la forma m\u00e1s adecuada de socializar a tu cachorro contando con los consejos de tu veterinario sobre el periodo de vacunaci\u00f3n. Tambi\u00e9n antes de que el cachorro llegue a casa para que tenga una buena entrada en su nuevo hogar.<\/p>\n<p>&nbsp;<\/p>\n<p><strong> Guarder\u00eda a domicilio:<\/strong><\/p>\n<p>En el caso de los gatos, el servicio incluye cambio de agua y comida, limpieza de su litera y tiempo con el animal, jugando con ellos o haci\u00e9ndoles mimos como si fueran propios.<\/p>\n<p>Reservas e inscripciones: <a href=\"mailto:info@perrygatos.com\">info@perrygatos.com<\/a>\u00a0con tus datos: nombre y apellidos, tel\u00e9fono, mail de contacto, direcci\u00f3n, y datos del animal.<\/p>\n<p>Recibir\u00e1s un mail de contestaci\u00f3n con las instrucciones para formalizar la inscripci\u00f3n.<\/p>\n<p><a href=\"https:\/\/perrygatos.com\/\">www.perrygatos.com<\/a><\/p>\n","protected":false},"excerpt":{"rendered":"<p>Consultas de comportamiento: A trav\u00e9s de una consulta con los due\u00f1os y siempre en colaboraci\u00f3n con el veterinario, se puede diagnosticar el problema del perro y por qu\u00e9 se est\u00e1 produciendo as\u00ed como su tratamiento. Formaci\u00f3n especializada: Cursos y seminarios relacionados con el Adiestramiento y la Educaci\u00f3n Canina as\u00ed como el comportamiento felino. Si est\u00e1s [&hellip;]<\/p>\n","protected":false},"author":25,"featured_media":0,"parent":0,"menu_order":2,"comment_status":"open","ping_status":"closed","template":"","meta":[],"_links":{"self":[{"href":"https:\/\/blogs.larioja.com\/animales-de-la-rioja\/wp-json\/wp\/v2\/pages\/877"}],"collection":[{"href":"https:\/\/blogs.larioja.com\/animales-de-la-rioja\/wp-json\/wp\/v2\/pages"}],"about":[{"href":"https:\/\/blogs.larioja.com\/animales-de-la-rioja\/wp-json\/wp\/v2\/types\/page"}],"author":[{"embeddable":true,"href":"https:\/\/blogs.larioja.com\/animales-de-la-rioja\/wp-json\/wp\/v2\/users\/25"}],"replies":[{"embeddable":true,"href":"https:\/\/blogs.larioja.com\/animales-de-la-rioja\/wp-json\/wp\/v2\/comments?post=877"}],"version-history":[{"count":4,"href":"https:\/\/blogs.larioja.com\/animales-de-la-rioja\/wp-json\/wp\/v2\/pages\/877\/revisions"}],"predecessor-version":[{"id":2886,"href":"https:\/\/blogs.larioja.com\/animales-de-la-rioja\/wp-json\/wp\/v2\/pages\/877\/revisions\/2886"}],"wp:attachment":[{"href":"https:\/\/blogs.larioja.com\/animales-de-la-rioja\/wp-json\/wp\/v2\/media?parent=877"}],"curies":[{"name":"wp","href":"https:\/\/api.w.org\/{rel}","templated":true}]}}