{"id":13,"date":"2013-09-14T22:56:28","date_gmt":"2013-09-14T20:56:28","guid":{"rendered":"http:\/\/blogs.larioja.com\/eltiempo\/?page_id=13"},"modified":"2013-09-14T22:56:28","modified_gmt":"2013-09-14T20:56:28","slug":"presentacion","status":"publish","type":"page","link":"https:\/\/blogs.larioja.com\/eltiempo\/presentacion\/","title":{"rendered":"Presentaci\u00f3n"},"content":{"rendered":"<p style=\"text-align: left;\" dir=\"ltr\"><span style=\"font-size: large;\">Hola a todos, me llamo Jose Antonio Calvo Azpeitia (que sino se enfada mi mami), aunque en estos tiempos hay que simplificarlo todo y por eso abrevio con Jose Calvo.<\/span><\/p>\n<p><span style=\"font-size: large;\"> Desciendo de una generaci\u00f3n de m\u00e9dicos, y como debe ser algo hereditario, continu\u00e9 la tradici\u00f3n familiar cursando estudios de Medicina y posteriormente de Odontolog\u00eda con la Especialidad de Implantes, profesi\u00f3n que desarrollo en Logro\u00f1o y a la que me dedico en cuerpo y alma.<\/span><\/p>\n<p><span style=\"font-size: large;\"> Una de mis grandes aficiones es la Meteorolog\u00eda quiz\u00e1s porque todo lo que me ha gustado hacer en mi tiempo libre (bici, monta\u00f1a, pesca..)\u00a0 depende un poco de ello. Desde muy peque\u00f1o ya me gustaba tomar datos de los acontecimientos meteorol\u00f3gicos que iban sucediendo, incluso constru\u00eda mis propios aparatos (veletas , anemometros&#8230;) que me ayudaban a esa labor con poca fiabilidad..claro est\u00e1.<\/span><\/p>\n<p><span style=\"font-size: large;\"> Con el desarrollo de Internet todo dio un vuelco. Ten\u00edamos acceso a informaci\u00f3n que hasta entonces solo manejaban &#8220;los hombres del tiempo&#8221; y fue una apertura para poder estudiar y profundizar en el tema. Adem\u00e1s se fueron desarrollando aparatos que poco a poco llegaron al alcanze de todos los p\u00fablicos.<\/span><\/p>\n<p><span style=\"font-size: large;\"> Una vez establecido en Logro\u00f1o, me d\u00ed cuenta que a m\u00ed lo que me gustaba era el campo y la naturaleza, por lo que nos trasladamos a vivir a Sojuela, un pueblecito ubicado en un entorno sin igual a los pies de la sierra de Moncalvillo donde mont\u00e9 una primera Estaci\u00f3n Meteorol\u00f3gica Davis y una Webcam que conect\u00e9, atrav\u00e9s de Internet, a un p\u00e1gina web <span style=\"font-size: x-large;\"><a href=\"http:\/\/www.josecalvo.net\/\" target=\"_blank\">www.josecalvo.net<\/a><\/span> donde se pueden obtener datos e im\u00e1genes en tiempo real.<\/span><\/p>\n<p><span style=\"font-size: large;\"> Con la llegada de la familia y ante la dureza del invierno en zona de monta\u00f1a, decidimos bajar a Logro\u00f1o, donde animado por la experiencia decid\u00ed montar otra en la ciudad, con las mismas caracter\u00edsticas. Por lo tanto se pueden obtener datos\u00a0 tanto de <span style=\"font-size: x-large;\"><a href=\"http:\/\/www.josecalvo.net\/sojuela.html\">Sojuela<\/a><\/span> como en<span style=\"font-size: x-large;\"> <a href=\"http:\/\/www.josecalvo.net\/logro%C3%B1o.html#datosactuales\">Logro\u00f1o<\/a>.<\/span><\/span><\/p>\n<p><span style=\"font-size: large;\"> Ambas estaciones est\u00e1n dadas de alta en la red de aficionados de <a href=\"http:\/\/www.meteoclimatic.com\/\">Meteoclimatic<\/a> donde tras una intensa auditor\u00eda, han obtenido el sello de calidad destacada que concede la asociaci\u00f3n y que hace referencia a la fiabilidad de los datos, muchos de los cuales son utilizado por los medios de comunicaci\u00f3n en su informaci\u00f3n meteorol\u00f3gica.<\/span><\/p>\n<p><span style=\"font-size: large;\"> La inquietud y el inter\u00e9s por la meteorolog\u00eda me hizo pensar en retarme a m\u00ed mismo, quer\u00eda saber si era capaz de, estudiando modelos y por la experiencia en la observaci\u00f3n de todos los fen\u00f3menos atmosf\u00e9ricos que se dan en nuestra zona, predecir cual iba a ser el tiempo en los pr\u00f3ximos d\u00edas, de ah\u00ed la idea de hacer un Blog donde reflejase\u00a0 predicciones a corto-medio plazo de lo que yo pensaba que iba a suceder a nuestro alrededor, quedadno todo ello reflejado en\u00a0 <span style=\"font-size: x-large;\"><a href=\"http:\/\/meteosojuela.blogspot.com.es\/\" target=\"_blank\">Meteosojuela.Blog<\/a><\/span><\/span><\/p>\n<p><span style=\"font-size: large;\"> Y claro, vas aprendiendo, observas otros blogueros y decido que hay que enriquecerlo con fotograf\u00edas, siendo en este momento otra de mis pasiones, no solo fotograf\u00eda de fen\u00f3menos meteorol\u00f3gicos (nubes, rayos,nieve&#8230;) ,algunas de las cuales ya se han podido ver en los informativos, sino tambi\u00e9n fotograf\u00eda de naturaleza (pajaros, reptiles&#8230;.)&#8230;incluso estoy haciendo pinitos en la fotograf\u00eda astron\u00f3mica&#8230;(Luna, planetas,&#8230;) un poco limitadada por el equipo.<br \/>\n<\/span><\/p>\n<p><span style=\"font-size: large;\"> Lo que pretendo con este blog es divulgar todo este mundo que a mi me apasiona, desde los t\u00e9rminos meteorol\u00f3gicos m\u00e1s b\u00e1sicos (anticicl\u00f3n, borrasca, isobaras&#8230;)&#8230;..hasta aquellos que nos cuesta un poco m\u00e1s entender (gota fr\u00eda, corriente de chorro,&#8230;.), todo ello acompa\u00f1ado de muchas fotograf\u00edas a ser posible que haya podido captar en este entorno en el que me muevo, para que todo seguidor pueda tener esas im\u00e1genes en la retina solo con mirar los cielos que le rodean.<\/span><\/p>\n<p><span style=\"font-size: large;\"> Aunque las predicciones las voy a mantener en <a href=\"http:\/\/meteosojuela.blogspot.com.es\/\" target=\"_blank\">Meteosojuelablog<\/a> , s\u00ed que har\u00e9 un resumen que d\u00e9 una idea de las tendencias, a poder ser semanales y fines de semana .<\/span><\/p>\n<p><span style=\"font-size: large;\">Tal como hago ahora, seguir\u00e9 interactuando tanto en<a href=\"https:\/\/www.facebook.com\/Meteosojuela?ref=hl\" target=\"_blank\"><span style=\"font-size: x-large;\">\u00a0 <\/span><\/a><\/span><a href=\"https:\/\/www.facebook.com\/Meteosojuela?ref=hl\" target=\"_blank\"><span style=\"font-size: x-large;\">Facebook<\/span><\/a> \u00a0 <span style=\"font-size: large;\">como en<span style=\"font-size: x-large;\"> <a title=\"Twiter\" href=\"https:\/\/twitter.com\/meteosojuela\" target=\"_blank\">Twiter<\/a><\/span><\/span>\u00a0 <span style=\"font-size: large;\">, aportando informaci\u00f3n del d\u00eda a d\u00eda ,que despu\u00e9s utilizar\u00e9 para el blog.<br \/>\n<\/span><\/p>\n<p><span style=\"font-size: large;\"> Tambi\u00e9n me gustar\u00eda tratar, de forma ocasional, alg\u00fan tema de Naturaleza y Astronom\u00eda, y siempre estando atento a todos los fen\u00f3menos meteorol\u00f3gicos que puedan surgir en el d\u00eda a d\u00eda.<\/span><\/p>\n<p><span style=\"font-size: large;\"> Me gustar\u00eda que fuese un espacio abierto para que todos los interesado tuvi\u00e9seis un huequito con comentarios, aportaciones, fotos, etc&#8230;<\/span><\/p>\n<p><span style=\"font-size: large;\"> Y por \u00faltimo resaltar que NO soy un experto en meteorolog\u00eda, simplemente un aficionado que estudia y observa y por lo tanto las previsiones NO son oficiales, sino que est\u00e1n hechas desde el punto de vista de un aficionado.<\/span><\/p>\n<p><span style=\"font-size: large;\"> Muchas gracias a todos los que hay\u00e1is llegado hasta aqu\u00ed y espero que disfrut\u00e9is de este nuevo espacio. <\/span><\/p>\n<p>&nbsp;<\/p>\n","protected":false},"excerpt":{"rendered":"<p>Hola a todos, me llamo Jose Antonio Calvo Azpeitia (que sino se enfada mi mami), aunque en estos tiempos hay que simplificarlo todo y por eso abrevio con Jose Calvo. Desciendo de una generaci\u00f3n de m\u00e9dicos, y como debe ser algo hereditario, continu\u00e9 la tradici\u00f3n familiar cursando estudios de Medicina y posteriormente de Odontolog\u00eda con [&hellip;]<\/p>\n","protected":false},"author":41,"featured_media":0,"parent":0,"menu_order":1,"comment_status":"open","ping_status":"closed","template":"","meta":[],"_links":{"self":[{"href":"https:\/\/blogs.larioja.com\/eltiempo\/wp-json\/wp\/v2\/pages\/13"}],"collection":[{"href":"https:\/\/blogs.larioja.com\/eltiempo\/wp-json\/wp\/v2\/pages"}],"about":[{"href":"https:\/\/blogs.larioja.com\/eltiempo\/wp-json\/wp\/v2\/types\/page"}],"author":[{"embeddable":true,"href":"https:\/\/blogs.larioja.com\/eltiempo\/wp-json\/wp\/v2\/users\/41"}],"replies":[{"embeddable":true,"href":"https:\/\/blogs.larioja.com\/eltiempo\/wp-json\/wp\/v2\/comments?post=13"}],"version-history":[{"count":0,"href":"https:\/\/blogs.larioja.com\/eltiempo\/wp-json\/wp\/v2\/pages\/13\/revisions"}],"wp:attachment":[{"href":"https:\/\/blogs.larioja.com\/eltiempo\/wp-json\/wp\/v2\/media?parent=13"}],"curies":[{"name":"wp","href":"https:\/\/api.w.org\/{rel}","templated":true}]}}